t is the remainder when 466 is divided by 52?
50
Calculate the remainder when 1562 is divided by 105.
92
What is the remainder when 493 is divided by 16?
13
What is the remainder when 1346 is divided by 25?
21
Calculate the remainder when 250 is divided by 94.
62
Calculate the remainder when 858 is divided by 426.
6
Calculate the remainder when 825 is divided by 59.
58
Calculate the remainder when 633 is divided by 49.
45
What is the remainder when 1420 is divided by 95?
90
What is the remainder when 69 is divided by 26?
17
Calculate the remainder when 919 is divided by 354.
211
What is the remainder when 4797 is divided by 30?
27
What is the remainder when 154 is divided by 15?
4
Calculate the remainder when 1530 is divided by 112.
74
What is the remainder when 13 is divided by 3?
1
What is the remainder when 1721 is divided by 41?
40
What is the remainder when 1244 is divided by 309?
8
What is the remainder when 90 is divided by 13?
12
What is the remainder when 98 is divided by 19?
3
What is the remainder when 510 is divided by 120?
30
Calculate the remainder when 36 is divided by 21.
15
Calculate the remainder when 429 is divided by 6.
3
What is the remainder when 1375 is divided by 138?
133
Calculate the remainder when 132 is divided by 81.
51
Calculate the remainder when 434 is divided by 90.
74
What is the remainder when 574 is divided by 33?
13
What is the remainder when 107 is divided by 41?
25
What is the remainder when 298 is divided by 43?
40
What is the remainder when 245 is divided by 14?
7
What is the remainder when 683 is divided by 98?
95
Calculate the remainder when 1454 is divided by 13.
11
What is the remainder when 29209 is divided by 127?
126
Calculate the remainder when 485 is divided by 41.
34
What is the remainder when 734 is divided by 114?
50
Calculate the remainder when 1684 is divided by 272.
52
Calculate the remainder when 972 is divided by 46.
6
What is the remainder when 296 is divided by 149?
147
Calculate the remainder when 61558 is divided by 228.
226
What is the remainder when 64 is divided by 19?
7
Calculate the remainder when 252 is divided by 8.
4
Calculate the remainder when 879 is divided by 15.
9
What is the remainder when 2072 is divided by 690?
2
Calculate the remainder when 194 is divided by 58.
20
Calculate the remainder when 200 is divided by 44.
24
Calculate the remainder when 573 is divided by 4.
1
Calculate the remainder when 400 is divided by 101.
97
Calculate the remainder when 239 is divided by 30.
29
What is the remainder when 128 is divided by 33?
29
What is the remainder when 1763 is divided by 586?
5
What is the remainder when 598 is divided by 42?
10
What is the remainder when 1897 is divided by 25?
22
What is the remainder when 85 is divided by 4?
1
What is the remainder when 819 is divided by 279?
261
Calculate the remainder when 372 is divided by 34.
32
What is the remainder when 34 is divided by 10?
4
Calculate the remainder when 501 is divided by 18.
15
What is the remainder when 5065 is divided by 169?
164
What is the remainder when 286 is divided by 51?
31
What is the remainder when 2110 is divided by 349?
16
What is the remainder when 197 is divided by 172?
25
What is the remainder when 462 is divided by 29?
27
What is the remainder when 548 is divided by 274?
0
What is the remainder when 2128 is divided by 142?
140
Calculate the remainder when 419 is divided by 126.
41
What is the remainder when 278 is divided by 40?
38
What is the remainder when 1119 is divided by 34?
31
What is the remainder when 329 is divided by 113?
103
Calculate the remainder when 586 is divided by 98.
96
Calculate the remainder when 11 is divided by 1.
0
What is the remainder when 4483 is divided by 136?
131
What is the remainder when 80 is divided by 42?
38
What is the remainder when 2972 is divided by 17?
14
Calculate the remainder when 207 is divided by 70.
67
What is the remainder when 65217 is divided by 77?
75
Calculate the remainder when 955 is divided by 238.
3
What is the remainder when 397 is divided by 21?
19
What is the remainder when 151 is divided by 12?
7
What is the remainder when 4116 is divided by 152?
12
Calculate the remainder when 581 is divided by 33.
20
What is the remainder when 439 is divided by 34?
31
What is the remainder when 58 is divided by 25?
8
What is the remainder when 2666 is divided by 141?
128
What is the remainder when 175 is divided by 30?
25
What is the remainder when 8396 is divided by 14?
10
What is the remainder when 2122 is divided by 2109?
13
What is the remainder when 1488 is divided by 1483?
5
Calculate the remainder when 50 is divided by 18.
14
What is the remainder when 2018 is divided by 135?
128
Calculate the remainder when 3072 is divided by 384.
0
What is the remainder when 156 is divided by 7?
2
What is the remainder when 4588 is divided by 101?
43
What is the remainder when 37 is divided by 22?
15
What is the remainder when 61 is divided by 13?
9
What is the remainder when 3219 is divided by 52?
47
What is the remainder when 468 is divided by 66?
6
What is the remainder when 157 is divided by 8?
5
What is the remainder when 294 is divided by 111?
72
Calculate the remainder when 251 is divided by 142.
109
What is the remainder when 144 is divided by 7?
4
What is the remainder when 553 is divided by 177?
22
Calculate the remainder when 162 is divided by 33.
30
What is the remainder when 112 is divided by 57?
55
What is the remainder when 14520 is divided by 175?
170
Calculate the remainder when 72 is divided by 53.
19
Calculate the remainder when 3265 is divided by 43.
40
What is the remainder when 4892 is divided by 7?
6
Calculate the remainder when 369 is divided by 84.
33
Calculate the remainder when 76 is divided by 9.
4
What is the remainder when 25 is divided by 13?
12
What is the remainder when 57 is divided by 15?
12
Calculate the remainder when 2287 is divided by 44.
43
What is the remainder when 4400 is divided by 113?
106
What is the remainder when 220 is divided by 49?
24
What is the remainder when 2590 is divided by 172?
10
Calculate the remainder when 4779 is divided by 184.
179
Calculate the remainder when 1344 is divided by 183.
63
Calculate the remainder when 383 is divided by 357.
26
What is the remainder when 1003 is divided by 33?
13
What is the remainder when 130 is divided by 37?
19
Calculate the remainder when 334 is divided by 101.
31
Calculate the remainder when 1628 is divided by 405.
8
What is the remainder when 83 is divided by 25?
8
Calculate the remainder when 132 is divided by 19.
18
Calculate the remainder when 597 is divided by 211.
175
Calculate the remainder when 1034 is divided by 41.
9
Calculate the remainder when 54 is divided by 28.
26
What is the remainder when 797 is divided by 73?
67
What is the remainder when 6800 is divided by 19?
17
What is the remainder when 214 is divided by 108?
106
Calculate the remainder when 328 is divided by 28.
20
What is the remainder when 155 is divided by 100?
55
Calculate the remainder when 327 is divided by 16.
7
What is the remainder when 128 is divided by 20?
8
What is the remainder when 83 is divided by 28?
27
Calculate the remainder when 1318 is divided by 592.
134
What is the remainder when 2236 is divided by 76?
32
What is the remainder when 261 is divided by 37?
2
Calculate the remainder when 354 is divided by 71.
70
Calculate the remainder when 201 is divided by 165.
36
Calculate the remainder when 7324 is divided by 17.
14
What is the remainder when 1653 is divided by 9?
6
What is the remainder when 167 is divided by 42?
41
Calculate the remainder when 699 is divided by 174.
3
What is the remainder when 8260 is divided by 2750?
10
What is the remainder when 137 is divided by 73?
64
What is the remainder when 2501 is divided by 358?
353
What is the remainder when 43 is divided by 41?
2
What is the remainder when 1581 is divided by 176?
173
What is the remainder when 149 is divided by 28?
9
Calculate the remainder when 308 is divided by 102.
2
Calculate the remainder when 957 is divided by 89.
67
Calculate the remainder when 178 is divided by 93.
85
What is the remainder when 4555 is divided by 1135?
15
Calculate the remainder when 111 is divided by 40.
31
What is th